7 and 8748?
9
Calculate the greatest common factor of 27170 and 133.
19
What is the greatest common factor of 1116992 and 16?
16
What is the highest common divisor of 505524 and 409?
409
Calculate the highest common divisor of 18 and 526257.
9
What is the greatest common divisor of 113305 and 8959?
527
What is the greatest common factor of 169304 and 24?
8
Calculate the highest common factor of 415839 and 1746.
291
Calculate the highest common divisor of 6699 and 13629.
231
What is the greatest common factor of 867360 and 1680?
240
What is the greatest common factor of 48 and 6416?
16
What is the greatest common divisor of 1412 and 3070394?
706
What is the highest common factor of 20964 and 36?
12
What is the greatest common factor of 2172 and 2496?
12
What is the greatest common factor of 33792 and 165?
33
What is the greatest common factor of 630 and 57015?
315
What is the greatest common factor of 85 and 180421?
17
What is the greatest common divisor of 65 and 297986?
13
What is the highest common divisor of 257076 and 72?
36
What is the highest common factor of 10 and 2026?
2
Calculate the greatest common factor of 154544 and 702.
26
Calculate the highest common factor of 21837 and 18.
3
Calculate the highest common divisor of 404 and 702859.
101
Calculate the greatest common divisor of 5133 and 435.
87
Calculate the highest common factor of 11792 and 1936.
176
Calculate the highest common divisor of 14 and 974.
2
What is the highest common divisor of 1476 and 1566?
18
What is the highest common divisor of 663 and 14229?
51
What is the highest common divisor of 8726 and 6?
2
Calculate the highest common factor of 23901 and 206628.
771
What is the highest common factor of 2637 and 28421?
293
What is the greatest common factor of 196 and 7791?
49
Calculate the highest common factor of 1755 and 2145.
195
What is the highest common factor of 216 and 1528?
8
Calculate the greatest common divisor of 66 and 113762.
22
What is the highest common divisor of 252 and 1308?
12
What is the highest common factor of 22211 and 304?
19
What is the greatest common factor of 616 and 1484736?
88
Calculate the highest common divisor of 775 and 2375.
25
What is the greatest common divisor of 108 and 167148?
36
What is the greatest common factor of 362250 and 322?
322
Calculate the greatest common factor of 16268 and 2548.
196
What is the greatest common factor of 475311 and 282?
141
Calculate the highest common factor of 36978 and 6.
6
Calculate the greatest common factor of 2025 and 55971.
81
What is the greatest common divisor of 24 and 3664?
8
Calculate the highest common divisor of 366 and 241458.
6
Calculate the highest common divisor of 27270 and 540.
270
Calculate the greatest common factor of 171452 and 132.
4
What is the greatest common factor of 2944 and 187864?
184
What is the greatest common factor of 4901 and 494?
13
What is the greatest common factor of 2996 and 255195?
107
What is the highest common factor of 266 and 6552?
14
Calculate the highest common divisor of 2628 and 3204.
36
What is the greatest common divisor of 183 and 25559?
61
Calculate the highest common factor of 108 and 103968.
36
Calculate the highest common factor of 5963 and 4489.
67
What is the highest common factor of 408540 and 6380?
220
What is the highest common divisor of 4 and 676?
4
Calculate the greatest common divisor of 39 and 53443.
13
What is the greatest common factor of 764188 and 8?
4
What is the highest common factor of 87 and 47067?
87
What is the greatest common divisor of 709299 and 477?
477
What is the greatest common factor of 226324 and 1003?
59
Calculate the highest common factor of 331485 and 55.
55
What is the highest common divisor of 164 and 338127?
41
Calculate the highest common factor of 10114 and 3653.
13
What is the highest common factor of 58395 and 5038?
229
What is the highest common factor of 34609 and 689?
53
What is the greatest common factor of 176 and 115830?
22
What is the highest common divisor of 405 and 47505?
15
What is the greatest common factor of 3 and 43191?
3
Calculate the greatest common divisor of 9344 and 13724.
292
Calculate the greatest common factor of 52 and 19916.
52
What is the highest common divisor of 9100 and 1638?
182
What is the greatest common factor of 142 and 8875?
71
What is the highest common factor of 2040 and 32520?
120
Calculate the highest common factor of 3248184 and 656.
328
Calculate the highest common factor of 46 and 4135837.
23
What is the greatest common divisor of 2509 and 14404?
13
What is the highest common factor of 26 and 815815?
13
What is the highest common factor of 126597 and 285?
57
Calculate the greatest common divisor of 19847 and 134915.
223
Calculate the greatest common factor of 19907 and 68.
17
What is the greatest common divisor of 32963 and 5593?
119
What is the highest common factor of 9805 and 2120?
265
Calculate the highest common factor of 81 and 86832.
81
Calculate the greatest common factor of 2925 and 23475.
75
Calculate the greatest common divisor of 2535349 and 2572.
643
Calculate the greatest common factor of 88 and 568.
8
What is the highest common factor of 189765 and 171?
9
What is the highest common divisor of 2736 and 633?
3
What is the greatest common divisor of 949 and 3577?
73
What is the highest common factor of 1336536 and 2052?
684
What is the highest common factor of 6049 and 10783?
263
What is the highest common divisor of 597184 and 217?
217
What is the highest common divisor of 3753 and 705981?
417
What is the highest common divisor of 1132957 and 434?
217
What is the highest common factor of 6 and 1112295?
3
What is the greatest common factor of 996 and 103252?
332
Calculate the greatest common factor of 1632 and 83640.
408
What is the greatest common divisor of 14539 and 713?
31
What is the greatest common factor of 63547 and 33814?
583
What is the highest common divisor of 10856 and 2360?
472
What is the highest common divisor of 44 and 22428?
4
What is the greatest common divisor of 54 and 14265?
9
What is the highest common factor of 340627 and 70?
7
Calculate the greatest common factor of 1368636 and 408.
204
Calculate the highest common factor of 76520 and 2560.
40
Calculate the highest common divisor of 102818 and 21378.
1018
What is the greatest common divisor of 382 and 650928?
382
Calculate the highest common factor of 1862 and 32984.
266
What is the highest common factor of 377317 and 381?
127
Calculate the greatest common factor of 1277964 and 24.
12
Calculate the greatest common factor of 22528 and 396.
44
Calculate the greatest common divisor of 52 and 121316.
52
Calculate the highest common factor of 1380863 and 418.
209
Calculate the greatest common divisor of 4620 and 203.
7
Calculate the highest common divisor of 446900 and 1066.
82
What is the highest common divisor of 1996 and 212?
4
Calculate the greatest common divisor of 17040 and 4686.
426
Calculate the highest common factor of 14399 and 44030.
119
What is the highest common factor of 32 and 2744?
8
What is the highest common divisor of 58857 and 69?
69
Calculate the highest common factor of 21072 and 48.
48
Calculate the greatest common divisor of 12 and 161412.
12
What is the greatest common factor of 343 and 2086?
7
Calculate the highest common divisor of 2170 and 10205510.
2170
What is the highest common factor of 16455 and 570?
15
What is the greatest common divisor of 194 and 25511?
97
Calculate the greatest common divisor of 265854 and 1888.
118
Calculate the highest common divisor of 50375 and 124.
31
Calculate the greatest common factor of 200 and 662720.
40
Calculate the greatest common factor of 65698 and 3991.
307
What is the greatest common factor of 98736 and 9384?
408
Calculate the greatest common factor of 336948 and 946.
86
What is the highest common factor of 58 and 285273?
29
Calculate the greatest common factor of 10122 and 56.
14
What is the greatest common divisor of 15 and 13955?
5
What is the greatest common factor of 3951 and 243?
9
Calculate the greatest common divisor of 25184304 and 16.
16
What is the greatest common factor of 183 and 138775?
61
What is the greatest common divisor of 55 and 10263?
11
Calculate the greatest common factor of 1746 and 2